8. Calculate the greatest common factor of j and 24.
24
Let c(s) = 3*s**3 + 5*s**2 - 3*s + 6. Let a be c(3). Let o = a - 120. What is the greatest common factor of 4 and o?
1
Let f be -22*((-2)/6)/(1 + 200/(-201)). What is the greatest common factor of 201 and f?
67
Suppose -3*w - 5*v + 6948 = -7*v, -w = -2*v - 2328. Calculate the greatest common divisor of 2520 and w.
210
Let k be -2732*7/(-154) - (20/(-11) - -2). What is the greatest common divisor of 6386 and k?
62
Suppose 7*w = 4*w. Let y(a) = -25*a + 23. Let u be y(w). Calculate the highest common factor of u and 207.
23
Suppose 0 = 34*s - 38*s - 292. Let v = 69 + s. Let m be (v - 2) + 2 + 10 + 3. What is the greatest common factor of 12 and m?
3
Let q(k) = k**3 + 75*k**2 + 76*k + 160. Let v be q(-74). Let b be 2/(-2) + 3 + 34. Calculate the greatest common divisor of v and b.
12
Let g(s) = s**2 + 539*s - 4918. Let i be g(9). Let r = -436 - -674. What is the highest common divisor of i and r?
14
Suppose -z + 290 = 11*k - 16*k, -4*k - 4 = 0. What is the greatest common divisor of z and 135?
15
Suppose 4*h = -y + 132, -3*h + y + 122 = -4*y. Suppose -r = -118 + h. Calculate the highest common factor of 12 and r.
12
Suppose 3*y + 13*c = 467, 5*y - 347 - 456 = 3*c. Calculate the greatest common factor of 6560 and y.
160
Let x(m) = m**3 + 2*m**2 - 7*m + 4. Let j be x(4). Let s(a) = 9*a + 0*a - 47 - 7*a. Let v be s(28). What is the highest common divisor of v and j?
9
Let z be (-17036)/(-3) - (1 + 4/6). Calculate the greatest common divisor of 7 and z.
7
Let y(a) = -2*a**2 + 53*a - 24. Let p be y(12). Let v be (8/(-6))/((-3)/p). What is the highest common factor of 18 and v?
18
Let x be (-118)/236 - (-313)/2. Calculate the highest common factor of 39 and x.
39
Suppose -18 = -r - 5*r. Suppose -3*g = 3*b + 2*g - 20, 13 = 2*b + r*g. Suppose 3*d - b = 2*d. Calculate the highest common factor of d and 15.
5
Suppose a - 3*d - 3 = 0, 2*a - 9 = -a - d. Suppose -m + 4*y + 7 = 3, a*y = -3*m + 87. Let z = -5065 - -5073. Calculate the greatest common factor of z and m.
8
Let f(d) = 7*d**2 - 38*d + 60. Let h be f(7). Calculate the highest common factor of h and 16166.
137
Let y be 168/60 - (-2)/10. Let n be 2*y/(-4) - (-3813)/82. What is the greatest common factor of 135 and n?
45
Let b = -73 + 39. Let o = b - -34. Let y(r) = 2*r + 7. Let s be y(o). What is the greatest common factor of 35 and s?
7
Suppose j + 5*l - 81 = 0, 0*j - 5*j = -4*l - 289. Let u = -52 + j. Suppose 4*k - k - u = 0, 0 = m + 5*k - 19. Calculate the greatest common factor of 1 and m.
1
Let o = -107 + 103. Let d be ((-8)/14)/(o/14). Calculate the highest common divisor of d and 17.
1
Let w be (-4 + -342)/(-2) + 3 - 1. Suppose 5*q - 179 = -b, -3*q + 8*q - w = -5*b. Calculate the greatest common factor of q and 12.
12
Suppose -2*d = 13 - 57. Suppose 4*s = 2*j + d - 2, s = 2. Let v(y) = y**2 + 12. Let w be v(j). What is the highest common divisor of 6 and w?
6
Suppose -153*k - 2*c - 2926 = -155*k, k = -5*c + 1421. Calculate the greatest common divisor of 78 and k.
26
Suppose -4*g = -5*r + 83, 26 = 4*r + 3*g - 28. Let b be (-1)/(r/35 - 2060/4725). Let h = 92 + -2. What is the greatest common factor of h and b?
45
Let m = 23194 - 23159. What is the highest common factor of 265 and m?
5
Let b(f) = 101*f - 151. Let m be b(15). Calculate the highest common divisor of m and 155.
31
Suppose 26*o - 41418 = -33*o. Calculate the highest common factor of o and 54.
54
Let i be -6 + (14 - (-6)/(-1)). Let j be (0 + 1)*6*i/3. What is the highest common factor of 28 and j?
4
Suppose -3*w + 3*z = -195, 0*z - 320 = -5*w + 4*z. What is the highest common divisor of w and 30?
30
Suppose -717*r + 5720 = -715*r. Calculate the highest common factor of 390 and r.
130
Let s = 11737 + -6397. Calculate the highest common divisor of 420 and s.
60
Let g(w) = -2*w**3 - 60*w**2 - 10*w - 262. Let p be g(-30). What is the greatest common factor of 2242 and p?
38
Let p be 54 - 7 - (1 - -2). Let x = -39 - -71. Suppose 0 = -3*q + 15, 0*u + 2*q = -2*u + x. What is the greatest common divisor of u and p?
11
Let t = -245 + 260. Suppose -55 = -5*q + 20. Calculate the highest common divisor of t and q.
15
Suppose 5*d = 2*a - 162, -96 = -a + 15*d - 10*d. What is the highest common factor of 474 and a?
6
Let u(g) = -10 + 8 - g**2 + 7*g - 2. Let b be u(6). Suppose -44 + 6 = -b*w. Calculate the highest common factor of w and 152.
19
Let w be (-9692 + 19)*(1/(-2))/(10/20). Calculate the highest common divisor of 34 and w.
17
Suppose 4*g - 430 = -5*m + g, 0 = 2*g. Suppose -84*o - 75 = -m*o - 3*d, 0 = 4*o - 5*d - 117. Calculate the highest common divisor of o and 627.
33
Let d be 3835/1 + 7 + -4 + -8. What is the highest common divisor of d and 10?
10
Let s be (7 - 165/25) + (7 - 44852/(-20)). Calculate the highest common factor of 144 and s.
18
Suppose 3*m - 17 = -4*g + 1, 12 = 4*g. Suppose -257 - 85 = -m*t. What is the highest common factor of t and 57?
57
Let b(j) = 6*j + 14. Let i be b(-2). Let h be (79 - 27)/(1 + (-1)/i). Calculate the greatest common divisor of 16 and h.
8
Let u be 1/(30/20 + 622/(-416)). Suppose -2*p + 10*p = u. What is the highest common factor of p and 286?
26
Suppose -o = 1 + 2. Let g be 1 + o - -3 - -67. Suppose -g - 226 = -7*s. What is the greatest common factor of 105 and s?
21
Let h be (7/(-10) + (-16 - (-81)/5))*-36. Calculate the highest common divisor of 16002 and h.
18
Let t be (1 + 44/(-20))/((-6)/3960). Suppose -i - t = -10*i. Calculate the greatest common factor of 44 and i.
44
Suppose -178 = -2*h - 5*r, 9*r = 4*h + 7*r - 332. Suppose 5*o = 4*m - 75, -3*o + h + 19 = 5*m. What is the greatest common factor of 220 and m?
20
Let s(u) = -41*u + 179. Let j be s(-21). Calculate the greatest common divisor of j and 8.
8
Let r be (-3016)/(-91) - (105/49 + -2). What is the greatest common divisor of 1441 and r?
11
Let r = -21825 + 21905. What is the greatest common divisor of 1640 and r?
40
Suppose -6*j + 229 = -107. Let g be (4 + -3)/((-3)/(-10))*3. Let k be (2/g + 1)/((-10)/(-200)). What is the greatest common factor of k and j?
8
Let l = -24 - -34. Suppose -186 - l = -4*f. Let o(q) = 4*q + 23. Let i be o(-4). Calculate the greatest common factor of f and i.
7
Let g(o) = 5*o**2 + 15*o + 46. Let a be g(-6). Let n(l) = 103*l - 1. Let t be n(1). What is the highest common factor of a and t?
34
Let j = -441 - -442. Let d be 438/14 + j + 18/(-14). Calculate the greatest common factor of 279 and d.
31
Let p = -6479 - -6485. Calculate the greatest common divisor of 751 and p.
1
Suppose 0 = -10*r + 13*r - 48. Let t be (-12)/r*(-88)/3. What is the greatest common divisor of t and 99?
11
Let g = 238 - 142. Suppose 0 = -2*h - 2*h + g. Suppose 5*y - 3*f = 222, 2*f + 403 = 415. What is the highest common factor of h and y?
24
Let i(t) = 12*t - 505. Let c be i(43). Calculate the greatest common factor of c and 8965.
11
Let f(d) = 6*d + 12. Suppose -3*c + q + 23 = 0, -q - 33 = -4*c - 2*q. Let z be f(c). Calculate the greatest common divisor of 108 and z.
12
Let t be (-6 - -15)*(-2)/(-6). Suppose -a = -t*a - 6. Let x be 120/(-18)*a/2. Calculate the highest common divisor of x and 15.
5
Let j(h) = -h**3 + 2*h**2 + 4*h + 1. Let c be j(-3). Let l = -72360 - -72377. What is the greatest common divisor of c and l?
17
Suppose 0 = -241*t + 257*t. Let b be t/3 - (-66)/4*8. Calculate the highest common factor of b and 24.
12
Let s = -10728 - -10794. Calculate the highest common divisor of s and 23694.
66
Let r(a) = -a**2 - 21*a + 196. Let o be r(-26). Calculate the greatest common divisor of 9 and o.
3
Let r = 296 - 252. Suppose -2*u - 2*y = -406, -39 = y - r. Calculate the highest common divisor of 18 and u.
18
Suppose -4*v + 3*r + 753 = 0, -r = -4*v - 2*r + 773. Suppose k = -54*o + 57*o - v, 4*o + 2*k = 256. Calculate the highest common factor of 64 and o.
64
Let w = 86 + 71. Suppose 0 = 8*o + 77 - w. Calculate the greatest common divisor of o and 155.
5
Let z = -8280 - -8580. What is the highest common divisor of z and 2520?
60
Let z be 2/(-8) - (-303)/12. Suppose -4*r + 377 = 3*w, w - 17*r - 129 = -20*r. Let g = w - 113. What is the greatest common factor of g and z?
5
Let w = -3191 + 3198. Let c be 3/(-6) - 9/(-2). Let l(h) = -h + 5. Let m be l(c). Calculate the highest co